{"id":10351,"date":"2026-09-01T16:43:24","date_gmt":"2026-09-01T22:43:24","guid":{"rendered":"https:\/\/www.vbgardens.org\/?post_type=etn&#038;p=10351"},"modified":"2026-09-01T16:44:44","modified_gmt":"2026-09-01T22:44:44","slug":"semana-de-las-mariposas","status":"publish","type":"etn","link":"https:\/\/www.vbgardens.org\/es\/event\/semana-de-las-mariposas\/","title":{"rendered":"Semana de las Mariposas"},"content":{"rendered":"<p class=\"isSelectedEnd\">\ud83e\udd8b\u2728 \u00a1Las Mariposas llegan al Jard\u00edn Bot\u00e1nico de Vallarta!<\/p>\n<p class=\"isSelectedEnd\">Este <strong>3 y 4 de octubre<\/strong>, ven a descubrir el fascinante mundo de las mariposas y disfruta de una experiencia llena de naturaleza, color y vida. \ud83c\udf3f\ud83e\udd8b<\/p>\n<p class=\"isSelectedEnd\">Conoce m\u00e1s sobre estas incre\u00edbles criaturas, descubre su importancia para nuestros ecosistemas y d\u00e9jate sorprender por su belleza mientras recorres el jard\u00edn.<\/p>\n<p class=\"isSelectedEnd\">\ud83d\udcc5 <strong>3 y 4 de octubre<\/strong><br \/>\ud83d\udccd <strong>Jard\u00edn Bot\u00e1nico de Vallarta<\/strong><\/p>\n<p>\u00a1Ven a vivir la magia de las mariposas! \ud83e\udd8b\ud83c\udf3a<\/p>","protected":false},"excerpt":{"rendered":"<p>Este 3 y 4 de octubre, ven a descubrir el fascinante mundo de las mariposas y disfruta de una experiencia llena de naturaleza, color y vida. \ud83c\udf3f\ud83e\udd8b<\/p>","protected":false},"author":8,"featured_media":10358,"parent":0,"template":"","etn_category":[65],"etn_tags":[],"class_list":["post-10351","etn","type-etn","status-publish","has-post-thumbnail","hentry","etn_category-event"],"_links":{"self":[{"href":"https:\/\/www.vbgardens.org\/es\/wp-json\/wp\/v2\/etn\/10351","targetHints":{"allow":["GET"]}}],"collection":[{"href":"https:\/\/www.vbgardens.org\/es\/wp-json\/wp\/v2\/etn"}],"about":[{"href":"https:\/\/www.vbgardens.org\/es\/wp-json\/wp\/v2\/types\/etn"}],"author":[{"embeddable":true,"href":"https:\/\/www.vbgardens.org\/es\/wp-json\/wp\/v2\/users\/8"}],"version-history":[{"count":1,"href":"https:\/\/www.vbgardens.org\/es\/wp-json\/wp\/v2\/etn\/10351\/revisions"}],"predecessor-version":[{"id":10352,"href":"https:\/\/www.vbgardens.org\/es\/wp-json\/wp\/v2\/etn\/10351\/revisions\/10352"}],"wp:featuredmedia":[{"embeddable":true,"href":"https:\/\/www.vbgardens.org\/es\/wp-json\/wp\/v2\/media\/10358"}],"wp:attachment":[{"href":"https:\/\/www.vbgardens.org\/es\/wp-json\/wp\/v2\/media?parent=10351"}],"wp:term":[{"taxonomy":"etn_category","embeddable":true,"href":"https:\/\/www.vbgardens.org\/es\/wp-json\/wp\/v2\/etn_category?post=10351"},{"taxonomy":"etn_tags","embeddable":true,"href":"https:\/\/www.vbgardens.org\/es\/wp-json\/wp\/v2\/etn_tags?post=10351"}],"curies":[{"name":"wp","href":"https:\/\/api.w.org\/{rel}","templated":true}]}}

<p class="isSelectedEnd">🦋✨ ¡Las Mariposas llegan al Jardín Botánico de Vallarta!</p>
<p class="isSelectedEnd">Este <strong>3 y 4 de octubre</strong>, ven a descubrir el fascinante mundo de las mariposas y disfruta de una experiencia llena de naturaleza, color y vida. 🌿🦋</p>
<p class="isSelectedEnd">Conoce más sobre estas increíbles criaturas, descubre su importancia para nuestros ecosistemas y déjate sorprender por su belleza mientras recorres el jardín.</p>
<p class="isSelectedEnd">📅 <strong>3 y 4 de octubre</strong><br />📍 <strong>Jardín Botánico de Vallarta</strong></p>
<p>¡Ven a vivir la magia de las mariposas! 🦋🌺</p>
