{"id":10344,"date":"2026-09-01T13:43:56","date_gmt":"2026-09-01T19:43:56","guid":{"rendered":"https:\/\/www.vbgardens.org\/?post_type=etn&#038;p=10344"},"modified":"2026-09-01T13:57:59","modified_gmt":"2026-09-01T19:57:59","slug":"peacock-gala-2027-2","status":"publish","type":"etn","link":"https:\/\/www.vbgardens.org\/es\/event\/peacock-gala-2027-2\/","title":{"rendered":"Gala Peacock 2027"},"content":{"rendered":"<h3><strong data-start=\"0\" data-end=\"33\">Una noche de elegancia dorada<\/strong><\/h3>\n<p>Nuestros pavos reales ya se est\u00e1n acicalando para su velada m\u00e1s glamurosa hasta ahora. En 2027, nuestra Gala combinar\u00e1 el esplendor natural de los Jardines con el glamour de la Era del Jazz: imagina oro y plata, joyas brillando a la luz de las velas, plumas reinterpretadas a trav\u00e9s de una est\u00e9tica Art D\u00e9co y un toque de la elegancia del viejo Hollywood.<\/p>\n<p>Disfruta de m\u00fasica en vivo con todo el ritmo del swing, una velada entre orqu\u00eddeas y pavos reales vestidos con sus mejores galas, y toda la elegancia (y picard\u00eda) de las d\u00e9cadas de 1920 y 1930, \u00a1reinventadas para apoyar una causa que realmente importa!<\/p>\n<h3><strong data-start=\"646\" data-end=\"692\">\u00bfQuieres ser de los primeros en enterarte?<\/strong><\/h3>\n<p>Los detalles a\u00fan est\u00e1n floreciendo, pero no queremos que pierdas la oportunidad de estar entre los primeros en conocer todas las novedades.<\/p>\n<p>Comun\u00edcate con Chris en <strong data-start=\"866\" data-end=\"896\"><a class=\"decorated-link cursor-pointer\" rel=\"noopener\" data-start=\"868\" data-end=\"894\">christopherj@vbgardens.org<\/a><\/strong> y nos aseguraremos de que seas de los primeros en enterarte cuando se abran la venta de boletos y las reservaciones de mesas.<\/p>","protected":false},"excerpt":{"rendered":"<p>Una noche de elegancia dorada Nuestros pavos reales ya se est\u00e1n acicalando para su velada m\u00e1s glamurosa hasta ahora. En 2027, nuestra Gala combinar\u00e1 el esplendor natural de los Jardines con el glamour de la Era del Jazz: imagina oro y plata, joyas brillando a la luz de las velas, plumas reinterpretadas a trav\u00e9s de [&hellip;]<\/p>\n","protected":false},"author":8,"featured_media":10343,"parent":0,"template":"","etn_category":[64],"etn_tags":[],"class_list":["post-10344","etn","type-etn","status-publish","has-post-thumbnail","hentry","etn_category-fiesta"],"_links":{"self":[{"href":"https:\/\/www.vbgardens.org\/es\/wp-json\/wp\/v2\/etn\/10344","targetHints":{"allow":["GET"]}}],"collection":[{"href":"https:\/\/www.vbgardens.org\/es\/wp-json\/wp\/v2\/etn"}],"about":[{"href":"https:\/\/www.vbgardens.org\/es\/wp-json\/wp\/v2\/types\/etn"}],"author":[{"embeddable":true,"href":"https:\/\/www.vbgardens.org\/es\/wp-json\/wp\/v2\/users\/8"}],"version-history":[{"count":1,"href":"https:\/\/www.vbgardens.org\/es\/wp-json\/wp\/v2\/etn\/10344\/revisions"}],"predecessor-version":[{"id":10345,"href":"https:\/\/www.vbgardens.org\/es\/wp-json\/wp\/v2\/etn\/10344\/revisions\/10345"}],"wp:featuredmedia":[{"embeddable":true,"href":"https:\/\/www.vbgardens.org\/es\/wp-json\/wp\/v2\/media\/10343"}],"wp:attachment":[{"href":"https:\/\/www.vbgardens.org\/es\/wp-json\/wp\/v2\/media?parent=10344"}],"wp:term":[{"taxonomy":"etn_category","embeddable":true,"href":"https:\/\/www.vbgardens.org\/es\/wp-json\/wp\/v2\/etn_category?post=10344"},{"taxonomy":"etn_tags","embeddable":true,"href":"https:\/\/www.vbgardens.org\/es\/wp-json\/wp\/v2\/etn_tags?post=10344"}],"curies":[{"name":"wp","href":"https:\/\/api.w.org\/{rel}","templated":true}]}}

<h3><strong data-start="0" data-end="33">Una noche de elegancia dorada</strong></h3>
<p>Nuestros pavos reales ya se están acicalando para su velada más glamurosa hasta ahora. En 2027, nuestra Gala combinará el esplendor natural de los Jardines con el glamour de la Era del Jazz: imagina oro y plata, joyas brillando a la luz de las velas, plumas reinterpretadas a través de una estética Art Déco y un toque de la elegancia del viejo Hollywood.</p>
<p>Disfruta de música en vivo con todo el ritmo del swing, una velada entre orquídeas y pavos reales vestidos con sus mejores galas, y toda la elegancia (y picardía) de las décadas de 1920 y 1930, ¡reinventadas para apoyar una causa que realmente importa!</p>
<h3><strong data-start="646" data-end="692">¿Quieres ser de los primeros en enterarte?</strong></h3>
<p>Los detalles aún están floreciendo, pero no queremos que pierdas la oportunidad de estar entre los primeros en conocer todas las novedades.</p>
<p>Comunícate con Chris en <strong data-start="866" data-end="896"><a class="decorated-link cursor-pointer" rel="noopener" data-start="868" data-end="894">christopherj@vbgardens.org</a></strong> y nos aseguraremos de que seas de los primeros en enterarte cuando se abran la venta de boletos y las reservaciones de mesas.</p>

<p>Una noche de elegancia dorada Nuestros pavos reales ya se están acicalando para su velada más glamurosa hasta ahora. En 2027, nuestra Gala combinará el esplendor natural de los Jardines con el glamour de la Era del Jazz: imagina oro y plata, joyas brillando a la luz de las velas, plumas reinterpretadas a través de [&hellip;]</p>
